common divisor of 5828 and 5084.
124
What is the greatest common divisor of 6349783 and 79?
79
Calculate the greatest common factor of 358 and 43139.
179
What is the highest common divisor of 158696 and 717?
239
Calculate the greatest common factor of 195 and 5655.
195
What is the greatest common factor of 35571 and 284?
71
What is the greatest common divisor of 308 and 430584?
308
What is the highest common factor of 792 and 18?
18
What is the highest common factor of 6 and 21195?
3
Calculate the highest common divisor of 17 and 4327129.
17
What is the greatest common factor of 185 and 4613715?
185
Calculate the highest common factor of 164 and 302416.
164
Calculate the greatest common factor of 216 and 121752.
72
Calculate the highest common factor of 85 and 165140.
5
Calculate the greatest common divisor of 2297685 and 780.
195
What is the highest common factor of 1781 and 222077?
137
What is the greatest common factor of 6862 and 4672?
146
What is the greatest common factor of 5994 and 172087?
37
What is the greatest common factor of 25317 and 3201?
291
What is the highest common factor of 266 and 164234?
14
Calculate the highest common factor of 17 and 28271.
17
What is the greatest common divisor of 253 and 20053?
11
What is the highest common divisor of 13650 and 21294?
546
Calculate the greatest common factor of 102 and 15062.
34
Calculate the highest common divisor of 156 and 3528564.
156
Calculate the greatest common factor of 86 and 259634.
86
What is the greatest common factor of 93 and 505486?
31
Calculate the highest common divisor of 249252 and 108.
12
What is the highest common factor of 26868 and 364957?
2239
What is the highest common divisor of 261 and 1663353?
261
Calculate the highest common factor of 5511 and 627.
33
What is the highest common factor of 2276428 and 1254?
418
Calculate the greatest common divisor of 44 and 2561284.
44
Calculate the greatest common divisor of 17836 and 2756.
52
What is the highest common divisor of 47104 and 1380?
92
Calculate the greatest common divisor of 15143 and 1463.
19
Calculate the greatest common divisor of 507 and 18421.
169
Calculate the greatest common divisor of 22 and 41569.
11
Calculate the highest common factor of 291 and 9773235.
291
Calculate the greatest common divisor of 15367 and 28067.
127
Calculate the highest common divisor of 66 and 134739.
33
What is the greatest common divisor of 35422 and 2225?
89
What is the highest common factor of 286 and 10463882?
286
Calculate the greatest common divisor of 28 and 37394.
14
What is the greatest common divisor of 263 and 313759?
263
Calculate the highest common divisor of 25359 and 2461.
107
Calculate the greatest common factor of 57491 and 215.
43
Calculate the highest common factor of 196317 and 81.
27
Calculate the greatest common divisor of 2637 and 586.
293
Calculate the greatest common divisor of 159372 and 171.
171
What is the greatest common factor of 198204 and 12?
12
What is the greatest common factor of 92340 and 30?
30
Calculate the greatest common divisor of 56059 and 488.
61
What is the highest common factor of 70 and 60025?
35
What is the greatest common divisor of 483 and 10281?
69
What is the highest common divisor of 374 and 6336?
22
Calculate the highest common factor of 4176 and 3408.
48
What is the highest common divisor of 65572 and 11252?
388
Calculate the highest common factor of 120 and 84420.
60
Calculate the highest common factor of 16 and 9743248.
16
Calculate the greatest common divisor of 3186 and 29913.
177
Calculate the greatest common divisor of 12232 and 199882.
278
What is the highest common divisor of 295 and 5970?
5
What is the greatest common divisor of 202 and 1340674?
202
What is the highest common divisor of 596391 and 627?
57
What is the greatest common factor of 5828 and 36?
4
Calculate the highest common divisor of 279 and 66681.
279
Calculate the greatest common factor of 4667 and 24713.
13
What is the greatest common factor of 36250 and 3480?
290
What is the greatest common factor of 1458 and 236?
2
What is the greatest common factor of 566067 and 171?
57
What is the greatest common factor of 7222 and 1727?
157
Calculate the greatest common factor of 327 and 1012610.
109
What is the highest common factor of 511291 and 1166?
583
What is the greatest common divisor of 1862 and 265776?
98
What is the highest common factor of 98340 and 21754?
298
What is the greatest common factor of 548 and 4201927?
137
What is the greatest common divisor of 39 and 2520609?
39
Calculate the highest common divisor of 1850 and 65342.
74
What is the greatest common factor of 206448 and 2208?
1104
What is the highest common divisor of 4347 and 2121?
21
What is the highest common factor of 945 and 55377?
189
Calculate the highest common divisor of 8384 and 83054.
262
What is the highest common divisor of 84 and 2024652?
84
What is the greatest common divisor of 2914029 and 54?
27
What is the greatest common factor of 5967 and 44343?
117
Calculate the greatest common divisor of 40 and 8315.
5
What is the greatest common divisor of 580 and 1048?
4
Calculate the greatest common factor of 61788 and 456.
228
What is the highest common divisor of 693542 and 46?
46
Calculate the greatest common divisor of 153 and 236079.
153
What is the greatest common factor of 60 and 33270?
30
What is the greatest common divisor of 1284 and 132?
12
What is the highest common factor of 15 and 3091565?
5
Calculate the greatest common factor of 180 and 23710.
10
What is the highest common divisor of 64 and 178016?
32
Calculate the highest common factor of 76 and 190.
38
Calculate the greatest common divisor of 85 and 1333055.
85
Calculate the highest common factor of 92897 and 2576.
161
Calculate the highest common factor of 9186380 and 140.
140
Calculate the highest common factor of 7485 and 45.
15
What is the greatest common factor of 64 and 3728?
16
What is the greatest common divisor of 821926 and 294?
98
What is the greatest common factor of 4514 and 37962?
74
What is the greatest common factor of 26348091 and 231?
231
What is the highest common factor of 1200 and 8025?
75
Calculate the greatest common divisor of 12400 and 20894.
62
Calculate the greatest common factor of 40156 and 8.
4
What is the highest common divisor of 34 and 1053473?
17
What is the highest common factor of 3487 and 9827?
317
Calculate the highest common factor of 16320 and 11730.
510
Calculate the greatest common factor of 128 and 275584.
128
What is the highest common divisor of 22320 and 1612?
124
What is the highest common factor of 819 and 2331?
63
What is the highest common factor of 3078 and 64866?
114
What is the highest common divisor of 57264 and 7728?
48
Calculate the highest common factor of 175 and 4522.
7
What is the greatest common divisor of 57715 and 476?
119
Calculate the highest common divisor of 228 and 9082.
38
Calculate the greatest common factor of 48590 and 20905.
565
What is the greatest common divisor of 4979912 and 28?
28
Calculate the greatest common factor of 2997 and 25596.
81
What is the greatest common divisor of 110 and 80685?
55
What is the highest common factor of 3100 and 96900?
100
Calculate the greatest common factor of 13959 and 20493.
297
Calculate the highest common divisor of 2337390 and 1980.
990
Calculate the greatest common factor of 5096 and 12805.
13
What is the highest common divisor of 136431 and 4743?
279
What is the highest common divisor of 1566 and 6102?
54
What is the highest common divisor of 105432 and 920?
184
Calculate the highest common divisor of 9522 and 477.
9
Calculate the highest common factor of 22 and 4789.
1
Calculate the greatest common factor of 15054 and 3978.
78
Calculate the highest common factor of 263 and 617261.
263
Calculate the greatest common factor of 490 and 5560.
10
What is the highest common divisor of 63562 and 18?
2
What is the greatest common divisor of 58020 and 2100?
60
What is the greatest common divisor of 2511 and 2976?
93
Calculate the highest common divisor of 1232 and 119152.
176
What is the greatest common divisor of 4346 and 7544?
82
What is the highest common factor of 102340 and 35?
35
What is the greatest common factor of 183026 and 6?
2
What is the gr